{"id":88251,"date":"2021-06-17T13:23:05","date_gmt":"2021-06-17T13:23:05","guid":{"rendered":"https:\/\/www.difusioncomunicacion.es\/?page_id=88251"},"modified":"2025-05-13T11:45:39","modified_gmt":"2025-05-13T09:45:39","slug":"empresa","status":"publish","type":"page","link":"https:\/\/www.difusioncomunicacion.es\/cms\/empresa\/","title":{"rendered":"Empresa"},"content":{"rendered":"<div class=\"wpb-content-wrapper\"><p>[vc_row unlock_row_content=\u00bbyes\u00bb row_height_percent=\u00bb73&#8243; override_padding=\u00bbyes\u00bb h_padding=\u00bb0&#8243; top_padding=\u00bb0&#8243; bottom_padding=\u00bb0&#8243; overlay_alpha=\u00bb50&#8243; equal_height=\u00bbyes\u00bb gutter_size=\u00bb0&#8243; column_width_percent=\u00bb100&#8243; shift_y=\u00bb0&#8243; z_index=\u00bb0&#8243;][vc_column column_width_percent=\u00bb100&#8243; position_vertical=\u00bbmiddle\u00bb gutter_size=\u00bb3&#8243; override_padding=\u00bbyes\u00bb column_padding=\u00bb4&#8243; overlay_alpha=\u00bb50&#8243; shift_x=\u00bb0&#8243; shift_y=\u00bb0&#8243; shift_y_down=\u00bb0&#8243; z_index=\u00bb0&#8243; medium_width=\u00bb0&#8243; mobile_width=\u00bb0&#8243; width=\u00bb1\/3&#8243;][vc_custom_heading heading_semantic=\u00bbh3&#8243; text_font=\u00bbfont-156269&#8243; text_size=\u00bbh1&#8243; text_transform=\u00bbuppercase\u00bb text_space=\u00bbfontspace-781688&#8243; separator_color=\u00bbyes\u00bb separator=\u00bbyes\u00bb]<span style=\"color: #4b8ec6;\">Difusi\u00f3n Comunicaci\u00f3n<\/span>[\/vc_custom_heading][vc_column_text uncode_shortcode_id=\u00bb176513&#8243;]Una <a href=\"\/\">Agencia de Comunicaci\u00f3n<\/a> no ser\u00eda nada sin las personas que la forman. Cercan\u00eda, profesionalidad y buen rollo: el c\u00f3ctel perfecto para que tu marca triunfe y, adem\u00e1s, disfrutemos consigui\u00e9ndolo. Te presentamos a quienes somos parte de Difusi\u00f3n. Los art\u00edfices de las ideas que te llevan lejos. Un equipo en toda regla.[\/vc_column_text][\/vc_column][vc_column column_width_percent=\u00bb100&#8243; gutter_size=\u00bb3&#8243; back_image=\u00bb88264&#8243; overlay_alpha=\u00bb50&#8243; shift_x=\u00bb0&#8243; shift_y=\u00bb0&#8243; shift_y_down=\u00bb0&#8243; z_index=\u00bb0&#8243; medium_width=\u00bb0&#8243; mobile_width=\u00bb0&#8243; width=\u00bb2\/3&#8243; mobile_height=\u00bb300&#8243; uncode_shortcode_id=\u00bb134396&#8243;][\/vc_column][\/vc_row][vc_row unlock_row_content=\u00bbyes\u00bb row_height_percent=\u00bb75&#8243; override_padding=\u00bbyes\u00bb h_padding=\u00bb0&#8243; top_padding=\u00bb0&#8243; bottom_padding=\u00bb0&#8243; overlay_alpha=\u00bb50&#8243; equal_height=\u00bbyes\u00bb gutter_size=\u00bb0&#8243; column_width_percent=\u00bb100&#8243; shift_y=\u00bb0&#8243; z_index=\u00bb0&#8243; inverted_device_order=\u00bbyes\u00bb][vc_column column_width_percent=\u00bb100&#8243; gutter_size=\u00bb3&#8243; overlay_alpha=\u00bb50&#8243; shift_x=\u00bb0&#8243; shift_y=\u00bb0&#8243; shift_y_down=\u00bb0&#8243; z_index=\u00bb0&#8243; medium_width=\u00bb0&#8243; mobile_width=\u00bb0&#8243; width=\u00bb2\/3&#8243; mobile_height=\u00bb300&#8243; el_class=\u00bbinverted-order-device\u00bb uncode_shortcode_id=\u00bb176628&#8243;][vc_single_image media=\u00bb89973&#8243; media_width_percent=\u00bb100&#8243; uncode_shortcode_id=\u00bb668183&#8243;][\/vc_column][vc_column column_width_percent=\u00bb100&#8243; position_vertical=\u00bbmiddle\u00bb gutter_size=\u00bb3&#8243; override_padding=\u00bbyes\u00bb column_padding=\u00bb4&#8243; overlay_alpha=\u00bb50&#8243; shift_x=\u00bb0&#8243; shift_y=\u00bb0&#8243; shift_y_down=\u00bb0&#8243; z_index=\u00bb0&#8243; medium_width=\u00bb0&#8243; mobile_width=\u00bb0&#8243; width=\u00bb1\/3&#8243;][vc_custom_heading heading_semantic=\u00bbh3&#8243; text_font=\u00bbfont-156269&#8243; text_size=\u00bbh1&#8243; text_transform=\u00bbuppercase\u00bb text_space=\u00bbfontspace-781688&#8243; separator_color=\u00bbyes\u00bb separator=\u00bbyes\u00bb]<span style=\"color: #4b8ec6;\"><strong>C\u00f3mo hacemos que se enamoren de tu marca<\/strong><\/span>[\/vc_custom_heading][vc_column_text]S\u00ed, enamorarse. Una marca debe calar en lo m\u00e1s hondo del coraz\u00f3n de las personas para estar presentes en sus vidas, aportar valor y satisfacer sus necesidades.<br \/>\nNos centramos en tus objetivos entregando los trabajos dentro de un plazo establecido. No se nos pasa el arroz, pero tampoco dejamos de lado la creatividad y la calidad de cada proyecto. Creemos en la profesionalidad, en la innovaci\u00f3n y, sobre todo, en hacer nuestro trabajo con pasi\u00f3n.<\/p>\n<p>Tenemos en cuenta el fin y el origen de la comunicaci\u00f3n: personas que hablan con personas.<\/p>\n<p>\u00bfTe vienes a dar un paseo hasta llegar a tu p\u00fablico objetivo?<\/p>\n<p>\u00bfY si nos ponemos cara?[\/vc_column_text][\/vc_column][\/vc_row][vc_row unlock_row_content=\u00bbyes\u00bb row_height_percent=\u00bb0&#8243; override_padding=\u00bbyes\u00bb h_padding=\u00bb2&#8243; top_padding=\u00bb3&#8243; bottom_padding=\u00bb3&#8243; back_color=\u00bbcolor-161932&#8243; overlay_alpha=\u00bb0&#8243; gutter_size=\u00bb3&#8243; column_width_percent=\u00bb100&#8243; shift_y=\u00bb0&#8243; z_index=\u00bb0&#8243; style=\u00bbinherited\u00bb][vc_column column_width_percent=\u00bb100&#8243; position_vertical=\u00bbmiddle\u00bb align_horizontal=\u00bbalign_center\u00bb gutter_size=\u00bb3&#8243; style=\u00bbdark\u00bb overlay_alpha=\u00bb100&#8243; shift_x=\u00bb0&#8243; shift_y=\u00bb0&#8243; shift_y_down=\u00bb0&#8243; z_index=\u00bb0&#8243; medium_width=\u00bb0&#8243; mobile_width=\u00bb0&#8243; zoom_width=\u00bb0&#8243; zoom_height=\u00bb0&#8243; width=\u00bb1\/1&#8243;][vc_custom_heading text_font=\u00bbfont-156269&#8243; text_size=\u00bbh1&#8243; text_transform=\u00bbuppercase\u00bb text_space=\u00bbfontspace-781688&#8243;]Conoce al equipo[\/vc_custom_heading][\/vc_column][\/vc_row][vc_row unlock_row_content=\u00bbyes\u00bb row_height_percent=\u00bb0&#8243; override_padding=\u00bbyes\u00bb h_padding=\u00bb0&#8243; top_padding=\u00bb0&#8243; bottom_padding=\u00bb0&#8243; overlay_alpha=\u00bb100&#8243; gutter_size=\u00bb0&#8243; style=\u00bbinherited\u00bb][vc_column column_width_percent=\u00bb100&#8243; gutter_size=\u00bb3&#8243; overlay_alpha=\u00bb50&#8243; shift_x=\u00bb0&#8243; shift_y=\u00bb0&#8243; shift_y_down=\u00bb0&#8243; z_index=\u00bb0&#8243; medium_width=\u00bb0&#8243; mobile_visibility=\u00bbyes\u00bb mobile_width=\u00bb0&#8243; width=\u00bb1\/1&#8243; uncode_shortcode_id=\u00bb758020&#8243;][vc_gallery el_id=\u00bbgallery-3377778-614&#8243; medias=\u00bb90260,90264,90253,90261,90254,90262,90258,90256,90263,90285&#8243; style_preset=\u00bbmetro\u00bb gallery_back_color=\u00bbcolor-xsdn\u00bb gutter_size=\u00bb0&#8243; media_items=\u00bbmedia|lightbox|original,title,caption,team-social,category,description\u00bb screen_lg=\u00bb1000&#8243; screen_md=\u00bb1000&#8243; screen_sm=\u00bb100&#8243; single_width=\u00bb3&#8243; single_height=\u00bb3&#8243; single_overlay_color=\u00bbcolor-wayh\u00bb single_overlay_coloration=\u00bbbottom_gradient\u00bb single_overlay_opacity=\u00bb80&#8243; single_text_anim_type=\u00bbbtt\u00bb single_v_position=\u00bbbottom\u00bb single_padding=\u00bb2&#8243; single_text_reduced=\u00bbyes\u00bb single_title_dimension=\u00bbh4&#8243; single_title_weight=\u00bb900&#8243; single_title_transform=\u00bbcapitalize\u00bb single_border=\u00bbyes\u00bb single_css_animation=\u00bbbottom-t-top\u00bb single_animation_delay=\u00bb200&#8243; carousel_rtl=\u00bb\u00bb single_half_padding=\u00bbyes\u00bb single_title_uppercase=\u00bb\u00bb single_title_serif=\u00bb\u00bb single_no_background=\u00bb\u00bb items=\u00bbeyIxMzQwOF9pIjp7InNpbmdsZV93aWR0aCI6IjQiLCJzaW5nbGVfaGVpZ2h0IjoiNCJ9LCIxMzQwOV9pIjp7InNpbmdsZV93aWR0aCI6IjQiLCJzaW5nbGVfaGVpZ2h0IjoiNCJ9LCIxMzc2M19pIjp7InNpbmdsZV93aWR0aCI6IjQiLCJzaW5nbGVfaGVpZ2h0IjoiNCJ9LCIxMzc2Nl9pIjp7InNpbmdsZV93aWR0aCI6IjQiLCJzaW5nbGVfaGVpZ2h0IjoiNCJ9LCI4ODIzMF9pIjp7InNpbmdsZV93aWR0aCI6IjQiLCJzaW5nbGVfaGVpZ2h0IjoiNCJ9LCI4ODIzMV9pIjp7InNpbmdsZV9oZWlnaHQiOiI0Iiwic2luZ2xlX3dpZHRoIjoiNCJ9LCI4ODIyOV9pIjp7InNpbmdsZV9oZWlnaHQiOiI0Iiwic2luZ2xlX3dpZHRoIjoiNCJ9fQ==\u00bb title=\u00bbEquipo\u00bb uncode_shortcode_id=\u00bb677836&#8243; gallery_back_color_type=\u00bbuncode-palette\u00bb][\/vc_column][\/vc_row][vc_row unlock_row_content=\u00bbyes\u00bb row_height_percent=\u00bb0&#8243; override_padding=\u00bbyes\u00bb h_padding=\u00bb0&#8243; top_padding=\u00bb0&#8243; bottom_padding=\u00bb0&#8243; overlay_alpha=\u00bb100&#8243; gutter_size=\u00bb0&#8243; style=\u00bbinherited\u00bb][vc_column column_width_percent=\u00bb100&#8243; gutter_size=\u00bb3&#8243; overlay_alpha=\u00bb50&#8243; shift_x=\u00bb0&#8243; shift_y=\u00bb0&#8243; shift_y_down=\u00bb0&#8243; z_index=\u00bb0&#8243; desktop_visibility=\u00bbyes\u00bb medium_visibility=\u00bbyes\u00bb medium_width=\u00bb0&#8243; mobile_width=\u00bb0&#8243; width=\u00bb1\/1&#8243; uncode_shortcode_id=\u00bb114302&#8243;][vc_gallery el_id=\u00bbgallery-3377778-614&#8243; medias=\u00bb90260,90264,90253,90261,90254,90262,90258,90256,90263,90285&#8243; style_preset=\u00bbmetro\u00bb gallery_back_color=\u00bbcolor-xsdn\u00bb gutter_size=\u00bb0&#8243; media_items=\u00bbmedia|lightbox|original,title,caption,team-social,category,description\u00bb screen_lg=\u00bb1000&#8243; screen_md=\u00bb1000&#8243; screen_sm=\u00bb100&#8243; single_height=\u00bb4&#8243; single_overlay_color=\u00bbcolor-161932&#8243; single_overlay_opacity=\u00bb60&#8243; single_v_position=\u00bbbottom\u00bb single_padding=\u00bb2&#8243; single_text_reduced=\u00bbyes\u00bb single_title_dimension=\u00bbh4&#8243; single_title_weight=\u00bb900&#8243; single_title_transform=\u00bbcapitalize\u00bb single_border=\u00bbyes\u00bb single_css_animation=\u00bbbottom-t-top\u00bb single_animation_delay=\u00bb200&#8243; carousel_rtl=\u00bb\u00bb single_half_padding=\u00bbyes\u00bb single_title_uppercase=\u00bb\u00bb single_title_serif=\u00bb\u00bb single_no_background=\u00bb\u00bb items=\u00bbeyIxMzQwOF9pIjp7InNpbmdsZV93aWR0aCI6IjQiLCJzaW5nbGVfaGVpZ2h0IjoiNCJ9LCIxMzQwOV9pIjp7InNpbmdsZV93aWR0aCI6IjQiLCJzaW5nbGVfaGVpZ2h0IjoiNCJ9LCIxMzc2M19pIjp7InNpbmdsZV93aWR0aCI6IjQiLCJzaW5nbGVfaGVpZ2h0IjoiNCJ9LCIxMzc2Nl9pIjp7InNpbmdsZV93aWR0aCI6IjQiLCJzaW5nbGVfaGVpZ2h0IjoiNCJ9LCI4ODIzMF9pIjp7InNpbmdsZV93aWR0aCI6IjQiLCJzaW5nbGVfaGVpZ2h0IjoiNCJ9LCI4ODIzMV9pIjp7InNpbmdsZV9oZWlnaHQiOiI0Iiwic2luZ2xlX3dpZHRoIjoiNCJ9LCI4ODIyOV9pIjp7InNpbmdsZV9oZWlnaHQiOiI0Iiwic2luZ2xlX3dpZHRoIjoiNCJ9fQ==\u00bb title=\u00bbEquipo\u00bb uncode_shortcode_id=\u00bb266517&#8243; gallery_back_color_type=\u00bbuncode-palette\u00bb][\/vc_column][\/vc_row][vc_row row_height_percent=\u00bb0&#8243; override_padding=\u00bbyes\u00bb h_padding=\u00bb2&#8243; top_padding=\u00bb3&#8243; bottom_padding=\u00bb3&#8243; overlay_alpha=\u00bb100&#8243; gutter_size=\u00bb3&#8243; column_width_percent=\u00bb100&#8243; border_color=\u00bbcolor-gyho\u00bb border_style=\u00bbsolid\u00bb shift_y=\u00bb0&#8243; z_index=\u00bb0&#8243; desktop_visibility=\u00bbyes\u00bb medium_visibility=\u00bbyes\u00bb mobile_visibility=\u00bbyes\u00bb inverted_device_order=\u00bbyes\u00bb auto_height_device=\u00bbyes\u00bb][vc_column column_width_percent=\u00bb100&#8243; align_horizontal=\u00bbalign_center\u00bb gutter_size=\u00bb3&#8243; overlay_alpha=\u00bb100&#8243; shift_x=\u00bb0&#8243; shift_y=\u00bb0&#8243; shift_y_down=\u00bb0&#8243; z_index=\u00bb0&#8243; medium_width=\u00bb0&#8243; mobile_width=\u00bb0&#8243; zoom_width=\u00bb0&#8243; zoom_height=\u00bb0&#8243; width=\u00bb1\/1&#8243;][vc_gallery el_id=\u00bbgallery-85457&#8243; type=\u00bbcarousel\u00bb medias=\u00bb17917,17917,17917,17917,17917,17917,17917,17917,17917,17917&#8243; carousel_lg=\u00bb7&#8243; carousel_md=\u00bb5&#8243; carousel_sm=\u00bb3&#8243; gutter_size=\u00bb3&#8243; media_items=\u00bbmedia|nolink|original,icon\u00bb carousel_interval=\u00bb3000&#8243; carousel_navspeed=\u00bb400&#8243; carousel_loop=\u00bbyes\u00bb stage_padding=\u00bb0&#8243; single_overlay_opacity=\u00bb50&#8243; single_overlay_anim=\u00bbno\u00bb single_text_anim=\u00bbno\u00bb single_image_anim=\u00bbno\u00bb single_padding=\u00bb4&#8243; single_border=\u00bbyes\u00bb title=\u00bbClients\u00bb][\/vc_column][\/vc_row]<\/p>\n<\/div>","protected":false},"excerpt":{"rendered":"<p>[vc_row unlock_row_content=\u00bbyes\u00bb row_height_percent=\u00bb73&#8243; override_padding=\u00bbyes\u00bb h_padding=\u00bb0&#8243; top_padding=\u00bb0&#8243; bottom_padding=\u00bb0&#8243; overlay_alpha=\u00bb50&#8243; equal_height=\u00bbyes\u00bb gutter_size=\u00bb0&#8243; column_width_percent=\u00bb100&#8243; shift_y=\u00bb0&#8243; z_index=\u00bb0&#8243;][vc_column column_width_percent=\u00bb100&#8243; position_vertical=\u00bbmiddle\u00bb gutter_size=\u00bb3&#8243; override_padding=\u00bbyes\u00bb column_padding=\u00bb4&#8243; overlay_alpha=\u00bb50&#8243; shift_x=\u00bb0&#8243; [&hellip;]<\/p>\n","protected":false},"author":1,"featured_media":88265,"parent":0,"menu_order":0,"comment_status":"closed","ping_status":"closed","template":"","meta":{"footnotes":""},"class_list":["post-88251","page","type-page","status-publish","has-post-thumbnail","hentry"],"_links":{"self":[{"href":"https:\/\/www.difusioncomunicacion.es\/cms\/wp-json\/wp\/v2\/pages\/88251","targetHints":{"allow":["GET"]}}],"collection":[{"href":"https:\/\/www.difusioncomunicacion.es\/cms\/wp-json\/wp\/v2\/pages"}],"about":[{"href":"https:\/\/www.difusioncomunicacion.es\/cms\/wp-json\/wp\/v2\/types\/page"}],"author":[{"embeddable":true,"href":"https:\/\/www.difusioncomunicacion.es\/cms\/wp-json\/wp\/v2\/users\/1"}],"replies":[{"embeddable":true,"href":"https:\/\/www.difusioncomunicacion.es\/cms\/wp-json\/wp\/v2\/comments?post=88251"}],"version-history":[{"count":7,"href":"https:\/\/www.difusioncomunicacion.es\/cms\/wp-json\/wp\/v2\/pages\/88251\/revisions"}],"predecessor-version":[{"id":90720,"href":"https:\/\/www.difusioncomunicacion.es\/cms\/wp-json\/wp\/v2\/pages\/88251\/revisions\/90720"}],"wp:featuredmedia":[{"embeddable":true,"href":"https:\/\/www.difusioncomunicacion.es\/cms\/wp-json\/wp\/v2\/media\/88265"}],"wp:attachment":[{"href":"https:\/\/www.difusioncomunicacion.es\/cms\/wp-json\/wp\/v2\/media?parent=88251"}],"curies":[{"name":"wp","href":"https:\/\/api.w.org\/{rel}","templated":true}]}}